(c) = -3*j(c) + m(c). Suppose 0 = 162*d - 240*d - 185 - 205. What is n(d)?
-3
Let j(h) = -4*h - 26. Suppose 4*n + 60 = -5*f, f - 22 = 2*n - 20. Calculate j(f).
6
Let z(f) = 2*f**2 + 3*f. Suppose -969*q = -956*q + 65. Calculate z(q).
35
Let x(y) = 2*y + 7. Let o be x(-7). Let k(n) be the third derivative of -n**6/120 - 7*n**5/60 - n**4/24 + 5*n**3/6 + 43*n**2 + 4*n. What is k(o)?
12
Suppose -l = 2*d - d - 4, l = -3. Suppose p = d*p - 150. Let u(f) = -22*f - p*f + 44*f - 2. Determine u(3).
-11
Let i(u) = -4*u**2 + 2*u - 194. Let k(l) = -2*l**2 + l - 96. Let p(y) = -6*i(y) + 10*k(y). Let b(q) be the first derivative of p(q). What is b(-1)?
-10
Let v = 1423 + -1399. Let r(w) = 2*w - 37. Calculate r(v).
11
Let g(n) = -11*n + 254. Let m(t) = 62*t - 1444. Let o(d) = -40*g(d) - 7*m(d). Give o(8).
-4
Let u(d) = -9*d**2 + 100*d - 8. Let x(o) = 3*o**2 - 36*o + 3. Let g(a) = 4*u(a) + 11*x(a). Suppose 5*l - 3*r - 6 = -0*l, 0 = -4*r + 12. Calculate g(l).
-14
Let o(s) be the first derivative of s**4/4 + s**3 + 9*s**2/2 + 2*s - 1188. Determine o(-6).
-160
Let k(v) = -v**3 + v**2 - v - 2. Let x = 2202 + -2204. Determine k(x).
12
Let a(i) = -i**3 - 22*i**2 - 25*i - 10. Suppose 143 - 5 = -3*q - 15*t, 3*q - 3*t = -48. What is a(q)?
74
Suppose -5*u = 4*m + 25, -33*u = 2*m - 31*u + 10. Let d(w) = 5*w + 9. Calculate d(m).
9
Let i(q) = -q**2 - 15 + 8*q - 9 + 26 - 10 + 7. Give i(8).
-1
Let a(l) = -2*l + 14. Suppose 2*k = -4*g, 0 = k + k + g + 3. Let y(q) = q - 11. Let s(b) = k*a(b) - 3*y(b). Calculate s(-9).
-4
Let c(f) be the first derivative of -f**5/60 - f**4/6 - 7*f**3/6 - 17*f**2/2 + 5*f - 21. Let j(r) be the second derivative of c(r). Give j(-5).
-12
Let o(n) = 5 + 5 - n + 1. Let c = -1329 + 1334. What is o(c)?
6
Let g(f) = -3*f**3 + 4*f**3 - 8*f + 2514 - 2518. Determine g(-3).
-7
Let f(u) = u**3 + u**2 + 3*u + 2. Let v be (-76)/(-18) + (-120)/(-135)*(-2)/8. Give f(v).
94
Let r(l) = -l**2 - 8*l - 9. Suppose -27 + 31 = 2*a. Let q be 3 - a/(-3) - 2/(-6). Suppose -q*c = 3*f + 25, -c + 2 = 3. Determine r(f).
-2
Let q(a) = -8*a - 6*a + 10*a - 17*a + 2. Let u(l) = -3*l. Let x(r) = q(r) - 5*u(r). Determine x(2).
-10
Let h = 186 - 173. Suppose 4*c + 5*f = -0*f - h, -40 = 4*c - 4*f. Let m(u) = -u**3 - 6*u**2 + 8*u + 6. Determine m(c).
-1
Let j(d) = d**2 - 6*d - 78. Suppose 0 = -2*x - 2*m - 6, 2*m + 43 = -4*x + 23. Give j(x).
13
Let o(f) = 12*f + 2*f**2 + 13*f - 24*f - 27. Let d be o(4). Let i(y) = -y**2 + 8*y + 4. Give i(d).
-5
Let r(z) be the second derivative of 3*z**5/20 - 23*z**4/12 + 17*z**3/6 - 19*z**2/2 + 3237*z. Give r(7).
2
Suppose 2*o = -4*w + 48, 5*o - 67 = 5*w + 53. Suppose o*s = 29*s - 30. Let y(n) = -5*n**2 + 5*n + 10*n**2 + 5 - s*n**2. What is y(7)?
-9
Let l be ((-345)/92 - -3)/(9/(-12)). Let p(b) = 16*b**2 - 10*b + 8. What is p(l)?
14
Suppose -u - 5*t = -7*t + 2, -12 = -4*t. Suppose -14*d - u = -16*d. Let m(b) = 9*b - 6. Let r(j) = -17*j + 11. Let p(z) = 7*m(z) + 4*r(z). Calculate p(d).
-8
Let o(x) be the first derivative of -x**7/840 - x**6/90 + x**5/40 + x**4/4 + 47*x**3/3 + 29. Let r(t) be the third derivative of o(t). Calculate r(-4).
-6
Suppose -54*w - 23 = 85. Let b be ((-1)/(-1))/(16/4288). Let y(a) = -268 + b - a. Determine y(w).
2
Let a(p) = 4*p**2 - 20*p + 22. Suppose 29*g - 24*g = 21*g - 32. Determine a(g).
-2
Let p = -108 - -108. Let a(r) = r + 163 - 160 + p*r. What is a(-6)?
-3
Let g(v) = -30*v + 3. Let a = -2459 - -2460. Determine g(a).
-27
Let o(i) = 4*i**3 - 3*i**2 - i + 5. Let z(p) = -3*p**3 + p**2 + p - 5. Let d = 647 - 651. Let r(l) = d*o(l) - 5*z(l). Give r(7).
-2
Let o(a) = -7*a + 3 - 4 - 2 - 3*a**3 - 5*a**2 + 4*a**3. Let u(r) = 3*r - 60. Let m be u(22). Calculate o(m).
-9
Let j(r) = r**3 - 7*r**2 + r + 4. Let q be (-390)/(-33) + -3 + 140/44. Let c be ((-148)/(-111))/(q/27). Calculate j(c).
-29
Let k = -552 + 553. Let o(l) = -10*l**2 - 72*l - 69*l - k + 0 + 142*l. Calculate o(1).
-10
Let n = 727 + -731. Let r(i) be the first derivative of 1/4*i**4 + 2*i + 3 + i**2 + 5/3*i**3. Calculate r(n).
10
Let m(y) = 7*y**2 + 2*y + 1. Let f be m(-1). Let w be -1 - f - 2 - -2. Let z(k) = k - k**3 - 15*k**2 + 0*k**3 - 388 + 398 + 8*k**2. Calculate z(w).
3
Suppose 3 = r, 34*u = 38*u - 9*r + 19. Let d(g) = 25*g - 59. Calculate d(u).
-9
Let v(f) be the second derivative of f**4/12 - 10*f**3/3 + 59*f**2/2 + 3049*f. Determine v(3).
8
Let n(l) = -19*l + 3*l + 7*l + 33 + 6*l - 35. Calculate n(4).
-14
Let p(o) = o**3 - 9*o**2 + 8*o + 1. Let y(n) be the second derivative of -5*n**3/6 + 5*n**2/2 + 15*n. Let l be y(-23). Let q = 128 - l. Calculate p(q).
1
Let o be (-208)/(-56) + (-6)/(-21). Let t(v) = 5*v - 2. Let l(p) = 6*p. Let x(n) = o*l(n) - 5*t(n). Let j be ((-35)/(-10))/(1/2). Calculate x(j).
3
Let x(l) = -7*l**3 + 29*l**2 - 7*l + 2. Let k(v) = -12*v**3 + 53*v**2 - 16*v + 4. Let p(a) = -3*k(a) + 5*x(a). Determine p(13).
-2
Let b be ((-56)/(-3))/((-4)/(-6)). Let w = 33 - b. Suppose -2*a - 8 = -4*i - 0*i, 3*i = w*a - 8. Let o(p) = p**3 - 2*p**2 - 2*p - 3. Give o(i).
21
Suppose -5*m = 3*n - 503, -n = -12*m + 7*m - 141. Suppose n - 215 = 6*f. Let t(r) be the second derivative of r**3/6 + 2*r**2 + r. Calculate t(f).
-5
Let q(n) = 77*n**2 - 15*n - 14. Let z(r) = 90*r**2 - 15*r - 14. Let o(v) = -7*q(v) + 6*z(v). Determine o(-11).
-30
Let c be 508/(-34) - (16860/510 - 33). Let u(o) = o**3 + 16*o**2 + 9*o - 17. What is u(c)?
73
Let w(z) = -z**2 + 27*z - 9 - 55*z**2 + 58*z**2. Calculate w(-14).
5
Let r(i) = 5*i**3 + 2*i**2 + i. Let f = 119 - 77. Let u = f - 27. Let b be (2 - u/6)/((-2)/(-4)). Calculate r(b).
-4
Let b = 37 - 32. Suppose b*d - 3*d - 6 = 0. Suppose -l + 3 = z - d, 2*z - 26 = 5*l. Let j(q) = q**3 - 8*q**2 + q + 7. Calculate j(z).
15
Let v(f) = -88*f**3 + 26*f - 30 + 89*f**3 - 8*f + f**2 - 8*f**2 - 10*f**2. What is v(16)?
2
Let w be (8/6)/(-58 + (-22274)/(-387)). Let t(r) = -4*r**3 + r**2 + 7*r + 17. Determine t(w).
113
Suppose -a + 17 - 5 = -3*q, -5*a + 60 = 4*q. Let p(x) = x**3 - 11*x**2 - 11*x - 17. Determine p(a).
-5
Suppose 0 = -2*m + 7 + 7. Let b(i) = i**3 - 6*i**2 + 8*i - 10. Let k(l) = 3*l**3 - 17*l**2 + 23*l - 30. Let r(g) = 7*b(g) - 2*k(g). What is r(m)?
11
Suppose z = -828 + 835. Let s(g) = -g**2 - g + 1. Let k(o) = -3*o - 10 + 4 - 5*o**2 + 6*o. Let r(h) = -k(h) + 4*s(h). Calculate r(z).
10
Let o(k) = 3*k**2 - 2*k + 1. Let u(q) = -q**3 - 7*q**2 - 8*q - 11. Let z be u(-6). Let a be (-1 - 6 - -13) + (z - 4). Determine o(a).
22
Let o be (-3220)/112 + 21 + 6/8. Let i(j) = j**3 - j**2 + 1. Let d(a) = -a**3 + 10*a**2 + 10*a + 2. Let t(n) = -d(n) - 2*i(n). Calculate t(o).
17
Let o(u) = 40*u - 20. Let b = 521 - 510. Let d(j) = -22*j + 10. Let i(f) = b*d(f) + 6*o(f). What is i(0)?
-10
Let z = 25 - 27. Let w(h) = h**3 - h**2 - 2*h. Let u(l) = 3*l**3 - 2*l**2 - 7*l - 1. Let b(s) = z*u(s) + 7*w(s). Give b(3).
2
Let q be 34 + -38 - (-21)/1. Let d(k) = -12*k + q*k + 1 - 8*k. Determine d(3).
-8
Let i = -421 - -427. Let a(g) = 2 + 4*g**2 - 10*g**2 + 5*g**2 + 4*g. Give a(i).
-10
Let o(i) = 9*i + 6 + 7*i - 43*i + 13*i + 13*i. Let k(f) = 2*f + 6. Let s(u) = -2*k(u) + 3*o(u). What is s(3)?
-15
Let a(w) = 175*w + 0*w**2 + 3 - 50*w - 53*w - 60*w - w**2. Give a(12).
3
Let g = -3 - -5. Let b(u) = 2*u - 3*u + 2*u**g + 2*u**2. Let t be -11 - (30/(-27))/(73/657). Give b(t).
5
Let i(z) = -3*z**3 + 71*z**2 - 19*z - 9. Let j(c) = 5*c**3 - 124*c**2 + 37*c + 18. Let d(l) = -7*i(l) - 4*j(l). Calculate d(-3).
0
Suppose -24 = -86*u + 90*u. Let l(x) = -4*x**3 - 6*x**2 - 6*x + 13. Let t(k) = 5*k**3 + 6*k**2 + 8*k - 14. Let f(o) = -4*l(o) - 3*t(o). Give f(u).
-10
Let u(f) be the first derivative of -f**4/4 + 22*f**3/3 + 3*f**2/2 - 66*f + 6704. Give u(22).
0
Let y(z) = -3 - 4*z + z**2 + 0*z - 3*z**2. Let u(v) = -5*v - 35. Let m be u(-8). Suppose 19 = -6*c + m*c + 4*t, 2*t = 8. Determine y(c).
-9
Let a(b) = -59 - 17 + 61 - 2*b**2 + 15*b. Give a(5).
10
Let k(d) be the first derivative of -d**5/60 + d**4/12 - 6*d**3 - 81. Let h(r) be the third derivative of k(r). Determine h(5).
-8
Let z be (-3)/(-2) + 20*(-10)/(-16). Suppose -z = -6*b - 2. Let p(q) = -6*q**2 + 17 + 4*q**3 - 5*q**3 + 5*q**b + 2*q**2. Give p(0).
17
Let o(z) = z + 7. Suppose 0 = 5*v + 5*q - 110, 3*q + 78 = 4*v + 2*q. Suppose -2*n = l - 0*l + 23, 5*n - 5*l + v = 0. Determine o(n).
-2
Let k(j) = j + 4*j - 4*j. Sup